*3/18*-2?
3
Let p be 0 - 6 - (1 - 4). Let x be ((-1)/(-4 - p))/1. What is the units digit of (2 - x)/(3/18)?
6
Let c(o) = -2*o - 6. What is the tens digit of c(-13)?
2
Suppose 3*z + 16 = -h, 3*h + 3*z = 5*h - 13. What is the units digit of -1 + h - (-12)/4?
1
Let b(v) = 2*v**3 - 4*v**2 - 5*v + 10. What is the tens digit of b(4)?
5
Let a = -15 + 21. Suppose a - 18 = -3*p. Suppose p*n + d - 12 = -2*d, 2*n - 8 = -d. What is the units digit of n?
6
Let i(x) = 2*x**2 + 29*x. Let c(s) = -s**2 - 15*s. Let r(w) = 5*c(w) + 3*i(w). What is the units digit of r(-13)?
3
Suppose 101 = 6*d - 223. What is the tens digit of d?
5
Let d be (-8)/32 + (-70)/8. What is the tens digit of (-4 + 32/12)*d?
1
Suppose 0 = 6*i - 2*i - 284. What is the tens digit of i?
7
Let s = 198 - 53. What is the units digit of s?
5
Suppose -4*s + 46 + 102 = 0. What is the tens digit of s?
3
Let h = -43 + 61. What is the tens digit of h?
1
Suppose 7*p - 3*p = -4*n - 4, 2*n + 4*p + 6 = 0. What is the tens digit of (n - -24) + (2 - -1)?
2
Let t = -2 - -4. Suppose -i + 3*p + t*p - 2 = 0, -2 = i + 3*p. What is the units digit of 3 - 2/(i*1)?
4
Let u = 364 - 166. What is the units digit of u?
8
What is the hundreds digit of 1/3 + 3*1284/27?
1
Let h(j) = -38*j**3 + j**2 + 1. What is the tens digit of h(-1)?
4
What is the units digit of 40/70*(-7)/(-2)?
2
Suppose -3*l - 477 = -0*l. Let o = -108 - l. What is the tens digit of o?
5
Suppose 0*c = -4*c + 28. Suppose 5*x + 64 = c*x. What is the units digit of x?
2
Let h(c) = c**2 + 4*c - 5. Let b be h(-7). Suppose 2*l - 6 = b. What is the units digit of l?
1
Suppose -4*u + 8 + 5 = 5*n, 4*u = -n - 7. Suppose 0*t + t - n*r = 19, 0 = -2*t + r + 20. What is the units digit of (3 - 30/t)*-18?
6
Let b = -97 - -169. What is the units digit of b?
2
Let k(g) = -g - 4. Let y(f) = -f - 4. Let q(b) = -6*k(b) + 7*y(b). Let d be q(3). What is the units digit of 2/d - (-130)/14?
9
Suppose 150 = 47*z - 41*z. What is the tens digit of z?
2
Suppose 18*t - 19*t + 2*w + 203 = 0, 4*t = 4*w + 828. What is the tens digit of t?
1
Let i(k) = 7*k + 1. Suppose 2*s = -s - 15. Let l(b) = b + 6. Let z be l(s). What is the units digit of i(z)?
8
Let y = 67 - 48. Let l = -2 + y. What is the tens digit of l?
1
Let r(i) = i**2 + 7*i + 4. Let f be r(-5). What is the units digit of 4/f + (-128)/(-12)?
0
Suppose -89 = -2*b + 3*q, 7*b - 139 = 4*b - q. What is the units digit of b?
6
Let u(l) = -2*l**2 - 6*l**3 + 2*l**3 - 1 - 2*l - 2*l**3. Suppose -3 = 3*w + 5*v, -3*w + 3 - 6 = -2*v. What is the units digit of u(w)?
5
Let c = -10 + 17. What is the units digit of c?
7
Suppose -19*i - 288 = -20*i + 5*b, b = -4*i + 1110. What is the tens digit of i?
7
Let u(b) = b + 2. Let q be u(-6). Let y = 4 + q. Suppose y = -0*v - 3*v + 12. What is the units digit of v?
4
Suppose 5*k + 7*a - 288 = 4*a, 3*k + a = 176. What is the units digit of k?
0
Let x = 11 - -53. What is the units digit of x?
4
Suppose 5*j - 33 = -4*r - 8, 0 = r + 4*j - 20. Suppose r = f + 4*f - 40. What is the units digit of f?
8
What is the tens digit of (35 - -1)*(5 + 16/6)?
7
What is the tens digit of (-3)/(3 + 102/(-33))?
3
Suppose -40 = -3*h - p - 0, 3*p = h - 30. What is the tens digit of h?
1
Let j = -13 - -18. What is the units digit of j?
5
Suppose 1 = v - 1. Let r be (-26 - (-2 + v)) + 0. What is the units digit of (-3)/12 + r/(-8)?
3
Suppose 4*r - 52 = 3*r. What is the tens digit of r?
5
Let z = -24 - -27. What is the units digit of z?
3
Suppose -4*y = -5*n - 116, 3*n - 108 = -4*y + 6*n. What is the units digit of y?
4
Let f = 0 - -8. Let b(w) = w - 2. Let d be b(f). Suppose d = -z + 4*z. What is the units digit of z?
2
Suppose -i = m - 91 - 86, 0 = 4*m + i - 723. What is the tens digit of m?
8
Suppose 1 = -4*b - 11. Let d(p) = -p**3 + 3*p + 2. What is the units digit of d(b)?
0
Suppose -4*o - 22 = -3*h, 0*h = 3*h + 5*o + 14. Suppose h*p = 5*c + p - 5, 3*p = -c + 17. Suppose 5 = -v + c*v. What is the units digit of v?
5
Let f = 5 - 2. Suppose -3*l + n + 3 + 6 = 0, 0 = 3*l - 5*n + 3. Suppose -2*y + 8 = m - 5, l*y - f*m = 1. What is the units digit of y?
4
What is the units digit of 312/36 - (-2)/(-3)?
8
Let w = 144 - 99. Suppose 2*z - 7 = z + 3*h, 5*h = 5*z - w. What is the tens digit of z?
1
Let s = 678 - 399. What is the hundreds digit of s?
2
Suppose -5*i - 6*i = -1507. What is the hundreds digit of i?
1
Let q(w) be the first derivative of w**2/2 - 2*w + 1. What is the units digit of q(5)?
3
Let u(n) = -n + 2*n + 3*n - 4 + 3. What is the units digit of u(5)?
9
Suppose t - 4 = -0. Let n be (2/t)/((-3)/(-18)). Suppose n*u = 4*u - 12. What is the tens digit of u?
1
Let b(s) = 179*s**3 - s**2 - s + 2. What is the hundreds digit of b(1)?
1
Let f(u) = -9*u**3 + 10*u**3 + 2 + u**2 - 9*u**3 - 3 - u. What is the units digit of f(-1)?
9
Suppose -7*i = -3*i - 8. Suppose -6 = -4*l + i. What is the units digit of l + 2 + -3 + 2?
3
Suppose 0 = -0*f - 3*f - 48. Let h = -2 - f. Suppose -2*m + h = -2. What is the units digit of m?
8
Let p = 7 + -3. Suppose -95 - 17 = -p*k. What is the tens digit of k?
2
Let p be 0 + 0 - (-5 + 1). Suppose -106 = -p*k + 42. What is the tens digit of k?
3
Let r(u) = u + 10. Let d be r(-8). Let k be (-3)/((-6)/112*1). Suppose d*g + k = 6*g. What is the units digit of g?
4
Suppose 0 = -7*o + 199 + 382. What is the tens digit of o?
8
Suppose 4*f = -2*t + 182, -4*t = 2*f - 0*f - 94. What is the units digit of f?
5
Let a = 21 + -7. Suppose -52 = -3*d + a. What is the units digit of d?
2
Suppose 2*n = -2*t + 6, -5*t - n = -4*n - 7. Suppose i = -2*x - 2*i + 19, 0 = 5*x + t*i - 53. What is the tens digit of x?
1
Let r(q) = 6*q + 3. Suppose -2*c - 3*i + 6 = -2*i, 12 = c - 4*i. What is the tens digit of r(c)?
2
Suppose -2*m + s + 11 = 0, m + 11 = s - 6*s. Let b = m + -2. Suppose b*y - 27 = -y. What is the units digit of y?
9
Suppose -4*y - 2*k = -86, y = -7*k + 2*k + 44. What is the units digit of y?
9
Let h(a) = -a**3 + 8*a**2 - 8*a + 12. What is the tens digit of h(5)?
4
Suppose 102 - 2 = 2*l. Let y = l + -83. What is the units digit of 3/((36/y)/(-4))?
1
Suppose -5*i = 0, 0 = -3*r + 6*r - 4*i - 51. What is the units digit of r?
7
Let t(o) = -6*o**3 + 0*o + 0*o - 1. Suppose -k = 4*c - 3, -2*c = -2*k - k - 5. What is the units digit of t(k)?
5
Let n = -6 - -2. What is the units digit of 24/9 + n/6?
2
Let a(p) = p**2 - 4*p + 2. Let y be a(5). Let j be (-3)/2*(y - 9). Suppose j*q = -2*u + 19, 3*u - 16 = q - 3*q. What is the units digit of u?
2
Suppose -2*n + 8 = y, -2*n + 0 + 2 = -2*y. Suppose -3*b + 9 = -5*j - 14, 0 = -b - n*j + 17. What is the units digit of b?
1
Let y be 16 + (2 - -1) - 4. Let u = y + -4. What is the tens digit of u?
1
Suppose 3*l + 16 = s - 1, -4*s + 138 = 2*l. Suppose -4*a - 3*h + s = h, -h = -a. What is the units digit of 4/6*a*3?
8
Let r = 144 - 69. Suppose 3*h - 6*h = -r. What is the units digit of h?
5
Let p = -3 - -6. Suppose 3*b = -s - 10, 5*b = p*b - 10. What is the units digit of s?
5
What is the units digit of (-12 + 13)/(1/(-13)*-1)?
3
Suppose 0 = -2*k - 13 - 1. Let o = 15 + k. What is the units digit of o?
8
What is the hundreds digit of 8/36 + (-12635)/(-45)?
2
Let l = -55 - -153. What is the tens digit of l/6 - (-2)/(-6)?
1
Suppose -2*s - 3*s + 15 = 0. Suppose s*m = -m + 132. What is the tens digit of m?
3
Suppose 0 = 3*d + 2*u - 31, -3*d - d = -2*u - 46. Let t = 17 - d. What is the units digit of t?
6
Suppose -196 = -4*f + 2*f. What is the tens digit of f?
9
Let i = 11 - 2. What is the units digit of i?
9
Let a(f) = f**2 - 5*f - 7. What is the tens digit of a(-5)?
4
Suppose -h + 3 = 2*h. Let f be -7 + (-3)/(-3) - h. Let c(m) = m**2 + 6*m + 2. What is the units digit of c(f)?
9
Suppose 6 = g - 1. What is the units digit of (-1 - -1) + 133/g?
9
Let s = 0 + 36. Suppose 5*r - r - s = 0. What is the units digit of r?
9
Let r(o) = -o - 2. Let l be r(-5). Suppose -d + 4 = n, l*d - 2*d - n - 14 = 0. Let u = d + -5. What is the units digit of u?
4
Let c = -37 - -9. Let t = -20 - c. Suppose -3*f = -5*f + t. What is the units digit of f?
4
Let c(x) = x**3 + 15*x**2 + x - 7. Let t(v) = -2*v**3 - 29*v**2 - 2*v + 14. Let o(i) = 11*c(i) + 6*t(i). What is the units digit of o(-9)?
6
Suppose -3 = y - 5. Let v be (-42)/(-4) - (2/(-4) + 1). Suppose -7*p + y*p + v = 0. What is the units digit 